ded by p.
23
Let k(x) = x**2 + x. Let i be (3/2 + 1)*-2. What is the remainder when k(i) is divided by 10 - 2/(0 + -2)?
9
Let o be 1/2 - 862/(-4). Let c be 1/(-2*(-2)/o). Let g = c + -5. What is the remainder when g is divided by 17?
15
Let f be -5 + 4/2 + 7. Suppose 4*z + z + 4*b + 1713 = 0, -f*z - b = 1377. Calculate the remainder when z/(-10) - (-1)/(-2) is divided by 12.
10
Let x(w) = 4*w. Let h be x(3). Let q = h + 33. What is the remainder when q is divided by 12?
9
Let b(a) = a**2 - 12*a + 1. Calculate the remainder when 123 is divided by b(13).
11
Let k(p) = -p**2 + 12*p - 19. What is the remainder when 24 is divided by k(8)?
11
Let n = 5 + -2. Suppose -7 + n = -b. Suppose b*c = 3*c + 23. Calculate the remainder when c is divided by 8.
7
Let d(v) = v**2 - 4*v. Let p be d(5). Suppose -4*q - p*c + 169 = 0, 2*q - c - 104 = -23. Suppose -8 = -s + 6. What is the remainder when q is divided by s?
13
What is the remainder when 62 is divided by 67/3 - (-6)/(-18)?
18
Let c(a) = -3*a - 2. Let g be c(-2). What is the remainder when 83 is divided by (6/g + -1)*34?
15
Let j be 5*1/3*6. Let v = j - -8. Suppose -17*n = -174 + 4. What is the remainder when v is divided by n?
8
Let n = 8 + 0. Let o(a) = a**2 - a + 2. What is the remainder when o(-4) is divided by n?
6
Let o(i) = -17*i + 14. Let w(p) = 84*p - 71. Let m(t) = -11*o(t) - 2*w(t). Calculate the remainder when m(7) is divided by 31.
28
Suppose 4*g - 4*w - 276 = 0, 5*w + 22 + 113 = 2*g. What is the remainder when g is divided by 19?
13
Let d = 34 + 75. Suppose -4*i = 2*w - 0*i - 68, i + d = 3*w. What is the remainder when w is divided by 19?
17
Let g(q) = q**3 - 69. Let l be g(0). What is the remainder when 68 is divided by 13/39*l/(-1)?
22
Suppose x + 4*x + 5 = q, q + 2*x + 2 = 0. Suppose -5*i + 4 = 3*l - 26, q = -i + 3. What is the remainder when (-84)/(-10) + (-10)/25 is divided by l?
3
Suppose 3*s - 47 = 82. Let w be 0 - (-4 - 62 - -3). Let v = w - s. Calculate the remainder when v is divided by 11.
9
Let f(h) = h - 1. Let r be f(1). Suppose n - 3*n - 3*l + 4 = r, 4*n - 8 = -4*l. Calculate the remainder when (0 - -2)/n - -58 is divided by 20.
19
Let l = 38 - -10. Calculate the remainder when l is divided by 25.
23
Let p = 4 - 2. Let l = 0 + p. Calculate the remainder when 3 is divided by l.
1
Suppose 5*k - 36 = 2*k. Suppose -5*u = -2*u - 12. Suppose 32 + k = u*t. Calculate the remainder when 31 is divided by t.
9
Let a = -346 + 526. What is the remainder when ((-14)/(-3))/(24/a) is divided by 12?
11
Let x(v) = v**3 + 4*v**2 + 2*v - 2. Let u be x(-2). Suppose -u = 3*g - 29. Let h = 691 - 676. What is the remainder when h is divided by g?
6
Suppose -13 = -i - 8. Calculate the remainder when i is divided by 3.
2
Suppose 5*r + 31 = -4*b, -2*r - 2*b = 2*b + 22. What is the remainder when 55 is divided by 20 - (-4 - r)/(-1)?
17
Suppose 4*b + p = 213, 0*b - 3*b - 5*p + 147 = 0. Let x = b + -37. Calculate the remainder when 64 + (-4 - -3 - -2) is divided by x.
14
Let v be 0/(-1) + 79/(-1). Let a be 1/(-4) + v/4. What is the remainder when 26 is divided by 5/a - 114/(-8)?
12
Suppose -n - 13 = -54. Calculate the remainder when n is divided by 11.
8
Let o(y) = -y**2 + y + 1. Let r(a) = -3*a**2 + 3*a - 3. Let q(n) = 2*o(n) - r(n). What is the remainder when 14 - (0 + 2 + -1) is divided by q(0)?
3
Suppose 5*m = -3*v + 8, 5*m = m + v + 20. Let a = 7 - m. What is the remainder when 5 is divided by a?
2
Let i = 182 - 151. What is the remainder when 60 is divided by i?
29
Suppose 2*y = -f - 1, -2*y - 3*f - 12 = -1. Suppose 5*o - 13 = c + 4, -c - 8 = -y*o. What is the remainder when 9 is divided by o?
0
Let c = 12 - 0. Calculate the remainder when 6/9 + c/9 is divided by 2.
0
Let p = -12 + 21. Suppose 0 = -3*j - 3, -2*g + 6*g - 130 = 2*j. Let r = p + g. Calculate the remainder when r is divided by 11.
8
Let r = 23 + -45. Let o = r - -34. What is the remainder when o is divided by 5?
2
Let s = -28 - -82. Suppose -3*d + 2*a + 38 = 0, 6*a - 3*a = 2*d - 22. Calculate the remainder when s is divided by d.
12
Suppose 3*w - 172 = -5*r, -34 - 74 = -2*w - 2*r. Let n(y) = -y. Let v be n(-2). Suppose -v*i + 6*i = 68. What is the remainder when w is divided by i?
15
Suppose 0 = c - 2. Suppose c*s = -0*s + 8. Suppose -5*i + 18 = 4*d - 2, 0 = d + i - 6. Calculate the remainder when d is divided by s.
2
Let a(j) = 3*j**2 - 5*j - 6. What is the remainder when a(5) is divided by 9?
8
Let j be -4*((2 - 1) + -2). Calculate the remainder when (-198)/27*(-6)/j is divided by 3.
2
Let t(v) = v**3 - 8*v**2 + 8*v - 5. Let y be t(7). Let g(z) = 17*z - 2. Calculate the remainder when g(y) is divided by 11.
10
Let h = 12 + -5. Suppose -h*c + 4*c = -69. What is the remainder when c is divided by 13?
10
Let r(v) = v**3 - 11*v**2 + 12*v - 1. Suppose 3*o - 4 = 8, -4*n + 2*o = -32. Let j be (n - 0)*(2 - 1). Calculate the remainder when 37 is divided by r(j).
18
Let n(v) = -v + 8. Let a = 77 + -55. Calculate the remainder when a is divided by n(0).
6
Let q be 3/(-3)*-3 + 0. Suppose -w = l + 3*l + 2, -2*w - q*l = -6. What is the remainder when w + -6 - (-31 - -1) is divided by 16?
14
Suppose -4*u + 16 = 4. Suppose 0 = b - u*x, x - 13 = 2*b - 6*b. Calculate the remainder when b is divided by 2.
1
Let v(u) = 3*u**2 - 2*u - 1. Let p be v(-1). Suppose 4*h = 4*j + 356, 5*j = 4*h + p*j - 347. Calculate the remainder when h is divided by 22.
20
Let y(a) = -7*a + 2. Let g(n) = -3*n + 1. Let k be g(1). What is the remainder when y(k) is divided by 9?
7
Suppose -565 = 5*r + 1235. Calculate the remainder when 2/7 + r/(-14) is divided by 14.
12
What is the remainder when -6*-2*52/16 is divided by 14?
11
Let u(v) = 15*v**3 + 2*v**2 - 1. Suppose 3*m = 5*m + 5*c + 7, 5*m - 5*c = 35. Suppose r - m*r = -138. What is the remainder when r is divided by u(1)?
14
Suppose 4*d - 133 = -2*w + 55, 0 = -2*w - 3*d + 188. What is the remainder when w is divided by 19?
18
Let g = 10 + 15. Calculate the remainder when g is divided by 13.
12
Let r(j) = j**3 + 9*j**2 + 2*j - 5. Calculate the remainder when r(-8) is divided by 15.
13
Let w(h) = h**2 - h - 7. Calculate the remainder when w(6) is divided by (1*-2)/((-8)/52).
10
Let i(o) = o - 9. Let x be i(9). Suppose -q + 5*q - 104 = x. Suppose 0 = -n - n + 18. Calculate the remainder when q is divided by n.
8
Suppose -3*n - n = 0. Suppose 0 = -n*v - v. Suppose v*m + 75 = 3*m. Calculate the remainder when m is divided by 13.
12
Suppose -7 = -z + 5. Calculate the remainder when 23 is divided by z.
11
Suppose -x - 48 = -17*x. Suppose 0 = -v + 3 - 7. Let f(j) = -j**2 - 6*j - 3. What is the remainder when f(v) is divided by x?
2
Let c = -1 - -4. Suppose 115 = 3*i - 0*i - f, 55 = i + c*f. Calculate the remainder when i is divided by 14.
12
Suppose 2 = -3*m + 4*m. Suppose -3*k + 25 = -4*y, -5*k + 32 = 2*y + y. Let n = k - 5. What is the remainder when m is divided by n?
0
Calculate the remainder when -4*((-26)/12 - (-6)/9) is divided by 3.
0
Let y = 18 - 4. Calculate the remainder when y is divided by 8.
6
Suppose -2 = -a + 4*s, 4*s + 0 - 16 = 0. Calculate the remainder when a is divided by 5.
3
Calculate the remainder when 15 is divided by (-34)/(-8) + (-6)/24.
3
Let v = -13 + 18. Suppose -93 = -v*a + 22. Suppose s = -0*s + a. What is the remainder when s is divided by 12?
11
Let a = -52 + 61. Calculate the remainder when 34 is divided by a.
7
Calculate the remainder when (-3)/2*112/(-24) is divided by 5.
2
Suppose -4*j + 97 = 33. What is the remainder when 60 is divided by j?
12
Suppose n - 23 = 3*u, n = -2*n - 3*u + 69. Calculate the remainder when n is divided by 0 + 1*39/3.
10
Let r be 4*(-5)/((-40)/(-42)). Let j = 37 + r. What is the remainder when j is divided by 9?
7
Calculate the remainder when (1/(-3))/((-8)/288) is divided by 8.
4
Let t(m) = 14*m**2 + 2*m - 1. Let n(z) = z - 4. Let y be n(5). Calculate the remainder when (-2)/(-19) - 7154/(-266) is divided by t(y).
12
Let p = 52 + -37. What is the remainder when (-3)/12 + (-226)/(-8) is divided by p?
13
Let g be 2/(-5)*-1*5. Suppose 3*r + g*r = 75. What is the remainder when 42 is divided by r?
12
Suppose 4*w - 6*w + 32 = 0. Calculate the remainder when w is divided by 5.
1
Let r(a) = 14*a**2 - 7*a + 3. Let m be r(3). Let b = -61 + m. Calculate the remainder when b